{"id":12,"date":"2010-10-07T17:54:44","date_gmt":"2010-10-07T22:54:44","guid":{"rendered":"http:\/\/wordpress.chemistry.ohio-state.edu\/lingo\/"},"modified":"2026-02-09T12:24:41","modified_gmt":"2026-02-09T17:24:41","slug":"index","status":"publish","type":"page","link":"https:\/\/research.cbc.osu.edu\/co.5\/","title":{"rendered":"Electrocatalysis and Energy Storage"},"content":{"rendered":"\n<figure class=\"wp-block-image size-large\"><a href=\"https:\/\/research.cbc.osu.edu\/co.5\/wp-content\/uploads\/2025\/07\/IMG_7181-scaled-e1753451629761.jpg\"><img loading=\"lazy\" decoding=\"async\" width=\"1024\" height=\"719\" src=\"https:\/\/research.cbc.osu.edu\/co.5\/wp-content\/uploads\/2025\/07\/IMG_7181-scaled-e1753451629761-1024x719.jpg\" alt=\"\" class=\"wp-image-1869\" srcset=\"https:\/\/research.cbc.osu.edu\/co.5\/wp-content\/uploads\/2025\/07\/IMG_7181-scaled-e1753451629761-1024x719.jpg 1024w, https:\/\/research.cbc.osu.edu\/co.5\/wp-content\/uploads\/2025\/07\/IMG_7181-scaled-e1753451629761-300x211.jpg 300w, https:\/\/research.cbc.osu.edu\/co.5\/wp-content\/uploads\/2025\/07\/IMG_7181-scaled-e1753451629761-768x539.jpg 768w, https:\/\/research.cbc.osu.edu\/co.5\/wp-content\/uploads\/2025\/07\/IMG_7181-scaled-e1753451629761-1536x1079.jpg 1536w, https:\/\/research.cbc.osu.edu\/co.5\/wp-content\/uploads\/2025\/07\/IMG_7181-scaled-e1753451629761-2048x1438.jpg 2048w\" sizes=\"auto, (max-width: 1024px) 100vw, 1024px\" \/><\/a><\/figure>\n\n\n\n<p><strong>Summer 2025<\/strong> <strong>Group Picture<\/strong> Pictured from left to right: Dr. Jos\u00e9 L. Lori\u00e9 L\u00f3pez, Alina Varghese, Ella Fischer, Fiona Cho, Dr. Nicholas Bashian, Dr. Anne Co, Leah Vanbeysterveldt, Maddie Palardy, Ariel Mendoza, Kassidy Aztergo, Dr. Zhihao Cui, Dave Wood, Chris Mangold, Scott Mitchell, Jiseon Hwang, and Samantha Mendez<\/p>\n\n\n\n<p><\/p>\n\n\n\n<div>\n<p><span style=\"color: #000000;\">The primary focus of our research effort is in the fundamental studies of electrochemical reactions, electrocatalyst function and the design of new materials for furthering electrochemical technologies. Our lab is multidisciplinary, combining electrochemical, analytical, materials and physical chemistry techniques.<\/span><\/p>\n<h2 style=\"text-align: center;\"><span style=\"color: #b51010;\">Main Research Goals<\/span><\/h2>\n<ul>\n<li>Gain deeper fundamental understanding of electrocatalyst reactivity and selectivity<\/li>\n<li>Design, characterize, and evaluate new energy conversion and storage electrode materials<\/li>\n<li>Develop systematic methods of studying the mechanistic pathways of electrochemical reactions<\/li>\n<li>Utilize and develop in-situ methods for detecting reaction intermediates to infer reaction pathways<\/li>\n<\/ul>\n<figure><a href=\"https:\/\/research.cbc.osu.edu\/co.5\/publications\/\" rel=\"attachment wp-att-1256\"><img loading=\"lazy\" decoding=\"async\" class=\"alignleft wp-image-1256 size-medium\" src=\"https:\/\/research.cbc.osu.edu\/co.5\/wp-content\/uploads\/2021\/12\/TOC-entry-NDP-JMatChemA-300x165.jpg\" alt=\"\" width=\"300\" height=\"165\" srcset=\"https:\/\/research.cbc.osu.edu\/co.5\/wp-content\/uploads\/2021\/12\/TOC-entry-NDP-JMatChemA-300x165.jpg 300w, https:\/\/research.cbc.osu.edu\/co.5\/wp-content\/uploads\/2021\/12\/TOC-entry-NDP-JMatChemA-1024x562.jpg 1024w, https:\/\/research.cbc.osu.edu\/co.5\/wp-content\/uploads\/2021\/12\/TOC-entry-NDP-JMatChemA-768x421.jpg 768w, https:\/\/research.cbc.osu.edu\/co.5\/wp-content\/uploads\/2021\/12\/TOC-entry-NDP-JMatChemA.jpg 1221w\" sizes=\"auto, (max-width: 300px) 100vw, 300px\" \/><\/a><\/figure><figure><a href=\"https:\/\/research.cbc.osu.edu\/co.5\/publications\/\" rel=\"attachment wp-att-1236\"><img loading=\"lazy\" decoding=\"async\" class=\"alignnone wp-image-1236\" src=\"https:\/\/research.cbc.osu.edu\/co.5\/wp-content\/uploads\/2021\/03\/Abstract-Figure-V2-300x231.png\" alt=\"\" width=\"235\" height=\"181\" srcset=\"https:\/\/research.cbc.osu.edu\/co.5\/wp-content\/uploads\/2021\/03\/Abstract-Figure-V2-300x231.png 300w, https:\/\/research.cbc.osu.edu\/co.5\/wp-content\/uploads\/2021\/03\/Abstract-Figure-V2-1024x789.png 1024w, https:\/\/research.cbc.osu.edu\/co.5\/wp-content\/uploads\/2021\/03\/Abstract-Figure-V2-768x592.png 768w, https:\/\/research.cbc.osu.edu\/co.5\/wp-content\/uploads\/2021\/03\/Abstract-Figure-V2.png 1030w\" sizes=\"auto, (max-width: 235px) 100vw, 235px\" \/><\/a><\/figure><figure><a href=\"https:\/\/research.cbc.osu.edu\/co.5\/publications\/\" rel=\"attachment wp-att-1179\"><img loading=\"lazy\" decoding=\"async\" class=\"wp-image-1179 alignnone\" src=\"https:\/\/research.cbc.osu.edu\/co.5\/wp-content\/uploads\/2020\/02\/TOC-Figure-300x157.jpg\" alt=\"\" width=\"265\" height=\"138\" srcset=\"https:\/\/research.cbc.osu.edu\/co.5\/wp-content\/uploads\/2020\/02\/TOC-Figure-300x157.jpg 300w, https:\/\/research.cbc.osu.edu\/co.5\/wp-content\/uploads\/2020\/02\/TOC-Figure-1024x536.jpg 1024w, https:\/\/research.cbc.osu.edu\/co.5\/wp-content\/uploads\/2020\/02\/TOC-Figure-768x402.jpg 768w, https:\/\/research.cbc.osu.edu\/co.5\/wp-content\/uploads\/2020\/02\/TOC-Figure.jpg 1260w\" sizes=\"auto, (max-width: 265px) 100vw, 265px\" \/><\/a><\/figure><p><\/p>\n<\/div>\n\n\n\n<figure class=\"wp-block-image\"><a href=\"https:\/\/research.cbc.osu.edu\/co.5\/index\/2022-group-logo-3\/\" rel=\"attachment wp-att-1323\"><img loading=\"lazy\" decoding=\"async\" width=\"300\" height=\"215\" src=\"https:\/\/research.cbc.osu.edu\/co.5\/wp-content\/uploads\/2022\/01\/2022-Group-Logo-2-300x215.jpg\" alt=\"\" class=\"wp-image-1323\" srcset=\"https:\/\/research.cbc.osu.edu\/co.5\/wp-content\/uploads\/2022\/01\/2022-Group-Logo-2-300x215.jpg 300w, https:\/\/research.cbc.osu.edu\/co.5\/wp-content\/uploads\/2022\/01\/2022-Group-Logo-2-162x116.jpg 162w, https:\/\/research.cbc.osu.edu\/co.5\/wp-content\/uploads\/2022\/01\/2022-Group-Logo-2.jpg 318w\" sizes=\"auto, (max-width: 300px) 100vw, 300px\" \/><\/a><\/figure>\n\n\n\n<p><\/p>\n\n\n\n<div>\n<figure><a title=\"OSU Department of Chemistry Co Biosketch\" href=\"https:\/\/chemistry.osu.edu\/\" target=\"_blank\" rel=\"noopener noreferrer\"><img loading=\"lazy\" decoding=\"async\" class=\"size-full wp-image-246 alignleft\" src=\"https:\/\/research.cbc.osu.edu\/co.5\/wp-content\/uploads\/2010\/10\/chemistrylogo.png\" alt=\"\" width=\"196\" height=\"85\"><\/a><\/figure><p style=\"padding-left: 280px;\"><\/p>\n<p style=\"padding-left: 280px;\">Last updated February 2026<\/p>\n<\/div>\n\n\n\n<p><\/p>\n","protected":false},"excerpt":{"rendered":"<p>Summer 2025 Group Picture Pictured from left to right: Dr. Jos\u00e9 L. Lori\u00e9 L\u00f3pez, Alina Varghese, Ella Fischer, Fiona Cho, Dr. Nicholas Bashian, Dr. Anne Co, Leah Vanbeysterveldt, Maddie Palardy, Ariel Mendoza, Kassidy Aztergo, Dr. Zhihao Cui, Dave Wood, Chris Mangold, Scott Mitchell, Jiseon Hwang, and Samantha Mendez The primary focus of our research effort [&hellip;]<\/p>\n","protected":false},"author":3,"featured_media":0,"parent":0,"menu_order":0,"comment_status":"closed","ping_status":"closed","template":"","meta":{"footnotes":""},"class_list":["post-12","page","type-page","status-publish","hentry"],"_links":{"self":[{"href":"https:\/\/research.cbc.osu.edu\/co.5\/wp-json\/wp\/v2\/pages\/12","targetHints":{"allow":["GET"]}}],"collection":[{"href":"https:\/\/research.cbc.osu.edu\/co.5\/wp-json\/wp\/v2\/pages"}],"about":[{"href":"https:\/\/research.cbc.osu.edu\/co.5\/wp-json\/wp\/v2\/types\/page"}],"author":[{"embeddable":true,"href":"https:\/\/research.cbc.osu.edu\/co.5\/wp-json\/wp\/v2\/users\/3"}],"replies":[{"embeddable":true,"href":"https:\/\/research.cbc.osu.edu\/co.5\/wp-json\/wp\/v2\/comments?post=12"}],"version-history":[{"count":42,"href":"https:\/\/research.cbc.osu.edu\/co.5\/wp-json\/wp\/v2\/pages\/12\/revisions"}],"predecessor-version":[{"id":2012,"href":"https:\/\/research.cbc.osu.edu\/co.5\/wp-json\/wp\/v2\/pages\/12\/revisions\/2012"}],"wp:attachment":[{"href":"https:\/\/research.cbc.osu.edu\/co.5\/wp-json\/wp\/v2\/media?parent=12"}],"curies":[{"name":"wp","href":"https:\/\/api.w.org\/{rel}","templated":true}]}}